List the prime factors of 1180060.
2, 5, 7, 8429
List the prime factors of 42816.
2, 3, 223
What are the prime factors of 596197?
7, 53, 1607
List the prime factors of 11701234.
2, 53, 59, 1871
What are the prime factors of 904730?
2, 5, 90473
List the prime factors of 2311182.
2, 3, 128399
List the prime factors of 129384.
2, 3, 599
List the prime factors of 436957.
436957
What are the prime factors of 6648437?
41, 167, 971
List the prime factors of 178287.
3, 67, 887
What are the prime factors of 36369?
3, 449
What are the prime factors of 1437806?
2, 19, 157, 241
List the prime factors of 1074325.
5, 7, 877
What are the prime factors of 17639774?
2, 197, 44771
What are the prime factors of 1999648?
2, 7, 79, 113
List the prime factors of 1600812.
2, 3, 53, 839
What are the prime factors of 816806?
2, 408403
List the prime factors of 1908975.
3, 5, 25453
List the prime factors of 1191872.
2, 11, 1693
What are the prime factors of 1119501?
3, 17, 271
What are the prime factors of 12024995?
5, 29, 127, 653
List the prime factors of 238314.
2, 3, 39719
List the prime factors of 6672133.
13, 59, 8699
What are the prime factors of 528509?
528509
What are the prime factors of 1335330?
2, 3, 5, 37, 401
What are the prime factors of 129537?
3, 37, 389
What are the prime factors of 455595?
3, 5, 7, 4339
What are the prime factors of 2326704?
2, 3, 48473
List the prime factors of 402380.
2, 5, 11, 31, 59
What are the prime factors of 11601096?
2, 3, 13, 19, 103
List the prime factors of 1597144.
2, 181, 1103
What are the prime factors of 997163?
997163
What are the prime factors of 7327906?
2, 191, 19183
What are the prime factors of 23985571?
23985571
List the prime factors of 1070235.
3, 5, 17, 1399
List the prime factors of 1591093.
7, 227299
List the prime factors of 8616.
2, 3, 359
List the prime factors of 91570.
2, 5, 9157
What are the prime factors of 4665606?
2, 3, 11, 223, 317
List the prime factors of 152317.
11, 61, 227
What are the prime factors of 5454773?
17, 47, 6827
List the prime factors of 5714413.
743, 7691
List the prime factors of 1854203.
13, 31, 43, 107
List the prime factors of 2622049.
2622049
What are the prime factors of 33640?
2, 5, 29
List the prime factors of 831677.
7, 11, 1543
What are the prime factors of 2186848?
2, 37, 1847
List the prime factors of 255355.
5, 51071
List the prime factors of 4420136.
2, 7, 17, 4643
What are the prime factors of 92666?
2, 7, 6619
List the prime factors of 1385875.
5, 11087
What are the prime factors of 3906956?
2, 269, 3631
What are the prime factors of 707167?
181, 3907
What are the prime factors of 237835?
5, 13, 3659
List the prime factors of 2723879.
2723879
List the prime factors of 744412.
2, 186103
List the prime factors of 9574128.
2, 3, 17, 3911
List the prime factors of 905276.
2, 227, 997
What are the prime factors of 3683625?
3, 5, 11, 19, 47
What are the prime factors of 12095496?
2, 3, 7, 103, 233
List the prime factors of 4643196.
2, 3, 97, 3989
What are the prime factors of 2623870?
2, 5, 262387
What are the prime factors of 1308351?
3, 11, 41, 967
List the prime factors of 21439943.
7, 47, 65167
List the prime factors of 225372.
2, 3, 7, 2683
What are the prime factors of 154904?
2, 17, 67
List the prime factors of 2659584.
2, 3, 3463
What are the prime factors of 126509?
73, 1733
What are the prime factors of 34219?
19, 1801
List the prime factors of 9036267.
3, 19, 47, 3373
What are the prime factors of 200935?
5, 7, 5741
List the prime factors of 15896078.
2, 11, 53, 13633
List the prime factors of 5897178.
2, 3, 7, 15601
List the prime factors of 6928818.
2, 3, 13, 211, 421
What are the prime factors of 460427?
11, 19, 2203
What are the prime factors of 6578518?
2, 3289259
What are the prime factors of 225319?
139, 1621
List the prime factors of 3892380.
2, 3, 5, 29, 2237
List the prime factors of 115291.
11, 47, 223
What are the prime factors of 2824526?
2, 439, 3217
What are the prime factors of 2229602?
2, 1114801
What are the prime factors of 342862?
2, 13, 13187
What are the prime factors of 4162022?
2, 29, 73, 983
What are the prime factors of 8402?
2, 4201
What are the prime factors of 1060278?
2, 3, 176713
List the prime factors of 2532085.
5, 506417
List the prime factors of 117032.
2, 14629
List the prime factors of 6047560.
2, 5, 151189
List the prime factors of 4468951.
79, 56569
What are the prime factors of 35566?
2, 17783
List the prime factors of 5640271.
7, 13, 61981
List the prime factors of 9730414.
2, 4865207
List the prime factors of 12091.
107, 113
List the prime factors of 234001.
29, 8069
What are the prime factors of 692044?
2, 31, 5581
What are the prime factors of 178433?
109, 1637
List the prime factors of 5222636.
2, 1305659
List the prime factors of 789182.
2, 197, 2003
List the prime factors of 272881.
7, 5569
What are the prime factors of 2374129?
23, 109, 947
What are the prime factors of 576757?
576757
List the prime factors of 2722894.
2, 677, 2011
What are the prime factors of 1563447?
3, 53, 9833
List the prime factors of 56872.
2, 7109
What are the prime factors of 220581?
3, 24509
What are the prime factors of 2014868?
2, 503717
What are the prime factors of 458746?
2, 229373
What are the prime factors of 1194518?
2, 13, 45943
What are the prime factors of 23583?
3, 7, 1123
List the prime factors of 28507829.
7, 1709, 2383
List the prime factors of 3160246.
2, 23, 29, 103
List the prime factors of 376773.
3, 125591
What are the prime factors of 284153?
284153
What are the prime factors of 17154026?
2, 71, 107, 1129
What are the prime factors of 432341?
7, 13, 4751
What are the prime factors of 447511?
23, 19457
What are the prime factors of 198232?
2, 71, 349
What are the prime factors of 3701811?
3, 97, 12721
What are the prime factors of 20177421?
3, 11, 269, 2273
What are the prime factors of 3861239?
61, 63299
What are the prime factors of 4971450?
2, 3, 5, 11, 23, 131
List the prime factors of 360428.
2, 90107
List the prime factors of 139750.
2, 5, 13, 43
What are the prime factors of 43651?
43651
What are the prime factors of 825800?
2, 5, 4129
What are the prime factors of 13032292?
2, 7, 13, 35803
What are the prime factors of 30458926?
2, 31, 491273
What are the prime factors of 12614096?
2, 11, 71671
What are the prime factors of 173358?
2, 3, 9631
List the prime factors of 18639743.
1223, 15241
What are the prime factors of 49590?
2, 3, 5, 19, 29
What are the prime factors of 8196552?
2, 3, 7, 13, 139
What are the prime factors of 987942?
2, 3, 23, 7159
What are the prime factors of 18752346?
2, 3, 277, 3761
What are the prime factors of 4388432?
2, 274277
What are the prime factors of 15283779?
3, 7, 727799
What are the prime factors of 641431?
7, 43, 2131
List the prime factors of 58004.
2, 17, 853
What are the prime factors of 2105671?
17, 123863
What are the prime factors of 2322707?
2322707
List the prime factors of 570715.
5, 114143
What are the prime factors of 1025398?
2, 11, 127, 367
List the prime factors of 16260883.
16260883
List the prime factors of 16364208.
2, 3, 7, 113, 431
List the prime factors of 3003191.
3003191
What are the prime factors of 2194623?
3, 59, 4133
List the prime factors of 8137595.
5, 37, 43987
What are the prime factors of 3411?
3, 379
List the prime factors of 1940882.
2, 970441
What are the prime factors of 349568?
2, 2731
What are the prime factors of 678698?
2, 137, 2477
List the prime factors of 7873760.
2, 5, 49211
List the prime factors of 5340597.
3, 271, 6569
List the prime factors of 3905722.
2, 23, 197, 431
What are the prime factors of 894401?
23, 37, 1051
What are the prime factors of 5241216?
2, 3, 13649
What are the prime factors of 8209687?
157, 52291
What are the prime factors of 11460244?
2, 17, 168533
What are the prime factors of 317329?
223, 1423
List the prime factors of 11693142.
2, 3, 649619
List the prime factors of 30691064.
2, 3836383
What are the prime factors of 4568918?
2, 53, 43103
List the prime factors of 318683.
318683
What are the prime factors of 1764537?
3, 23, 107, 239
List the prime factors of 370699.
7, 52957
What are the prime factors of 15782?
2, 13, 607
List the prime factors of 817479.
3, 13, 17, 137
List the prime factors of 776